 be 3*f - (-60 - (-12)/4). Let b = 7 + -1. Calculate the highest common factor of b and l.
6
Let t(a) be the second derivative of -19*a**3/6 - 6*a**2 - 8*a. Let n be t(-4). What is the highest common divisor of 2 and n?
2
Let z = 245 - 163. Let s be z + 7/7 + -7. What is the highest common factor of 114 and s?
38
Let p be 12 - (3 - 3)/1. Let o(i) = -18*i - 7. Let k be o(0). Let t be (-6)/((-6)/20*k/(-21)). What is the greatest common factor of p and t?
12
Suppose -674*g + 694*g - 137480 = 0. Calculate the greatest common divisor of g and 56.
14
Suppose 0 = -276*k + 2710 + 1154. Calculate the greatest common factor of 122 and k.
2
Let a(u) = 13*u**2 - 21*u - 38. Let y be a(-2). Calculate the greatest common factor of 1652 and y.
28
Let s(y) = -48*y - 15. Let w be s(2). Let t = w - -141. Calculate the greatest common factor of 30 and t.
30
Let a(t) = -t + 15 + 7 - 1. Let x be a(16). Suppose -x*g + 42 = -2*g. What is the greatest common factor of 14 and g?
14
Let i(v) = -v**3 - 12*v**2 - 15*v - 43. Let u be i(-11). Let w be (5 + -4)*(0 + u). What is the greatest common divisor of 37 and w?
1
Let c be 158/18 - (-6)/27. Suppose p + 6 = 0, 5*p = r + 19*p - 60. Calculate the highest common divisor of r and c.
9
Let r = -13 - -13. Suppose -w + r*w + 399 = 2*q, 3*w = 4*q + 1157. What is the highest common divisor of 17 and w?
17
Suppose -12 = -3*x + 3*m, -x + 6*x = 4*m + 16. Suppose x*q + 111 = -2*q + y, 4*q + 227 = y. Let b = 71 + q. What is the greatest common factor of 143 and b?
13
Suppose 61 = -7*t + 180. Let y(k) = -k**2 + 25*k - 19. Let w be y(t). Let m = w - 40. Calculate the greatest common divisor of m and 11.
11
Suppose 5*a = 13 - 3. Let y(o) = o**2 - 25*o + 30. Let f be y(24). Suppose -5*d + 3*t = f - 81, -5 = -t. Calculate the highest common factor of a and d.
2
Let j = 159 - -33. Let r(u) = -u**2 - 7*u + 24. Let d = -42 - -35. Let m be r(d). Calculate the greatest common divisor of m and j.
24
Suppose 0 = -7*k + 3*k - 4204. Let i = -664 - k. Calculate the highest common divisor of 43 and i.
43
Let q be (-5)/6 + (-58)/(-12). Suppose -3*c - 1154 = -q*l, -14*l + 10*l + 1158 = -5*c. What is the greatest common factor of l and 14?
7
Let p be (5/(-5) - 5) + -1 + -848. Let j = p + 1044. What is the greatest common factor of j and 14?
7
Suppose 1 = 2*g + 3*h, 3*h - 7*h = 4*g - 4. Let n be (g + 3)*1*516/60. Calculate the highest common factor of n and 301.
43
Suppose -36*r = -51*r + 4515. Let x = r - 293. What is the highest common factor of x and 136?
8
Let q be 504/(-7) - (1 - -1 - -1). Let n = q + 99. Calculate the highest common divisor of 108 and n.
12
Let s = -2908 - -3189. What is the greatest common factor of 1 and s?
1
Suppose 1512*l = -3*g + 1510*l + 1490, 3*g - 2*l = 1474. Let i be 6/4*76/3. What is the highest common divisor of g and i?
38
Let p be 50 - 0 - (2 - 0). Let c be (88 - -236)/(12/16). Calculate the greatest common divisor of p and c.
48
Let b(h) = 80*h + 1730. Let k be b(101). Calculate the greatest common divisor of k and 9.
9
Let q be (2 - (17928/(-6) - 6))*(-5)/(-5). Calculate the highest common divisor of 140 and q.
28
Let b(f) = -f**2 - 37*f - 111. Let d be 1/((-35)/(-15) - 2) + -29. Let o be b(d). Calculate the highest common divisor of 50 and o.
25
Let l be (12 + -9)*(2 + -1). Suppose 4*c = 4*s - 245 + 65, l*s = 4*c + 140. Calculate the highest common divisor of 16 and s.
8
Let p(i) = -i**2 - 51*i + 298. Let a be p(-54). Suppose 0 = h - 2*c - 6, 2*c - 5*c - 39 = -4*h. Suppose 5 + h = f. What is the highest common factor of a and f?
17
Let m be 4*(-21)/((-168)/40). Calculate the greatest common factor of 3730 and m.
10
Suppose -38*o - 20*o + 754 = 0. Suppose 38 = 32*g - o*g. Calculate the greatest common factor of 230 and g.
2
Suppose 2*c - 454 + 466 = 0. Let y be c/(-27) - (-2416)/144 - -4. Calculate the greatest common factor of 567 and y.
21
Suppose -12*f = -14*f + 5*l, 4*f + 3*l - 52 = 0. Let a be (30/9)/(2/18). What is the greatest common factor of a and f?
10
Suppose 96*v - 102*v + 4512 = 0. What is the highest common factor of v and 48?
16
Let i = 4713 - 3959. What is the greatest common factor of 52 and i?
26
Let b = 321 + -184. Let j = 138 - b. What is the highest common factor of 13 and j?
1
Suppose 61*i - 61920 = -19*i + 8*i. What is the greatest common divisor of 301 and i?
43
Let c be 41 + -1 - (4 + -2). Let x = c + -30. Let z(h) = -h**3 + 10*h**2 - 14*h + 18. Let d be z(x). What is the highest common factor of 272 and d?
34
Suppose -382 + 31 = -90*h + 9. Calculate the highest common divisor of 116 and h.
4
Let u(b) = 6*b - 46. Let a be u(37). Suppose -4*w + a - 96 = 0. Calculate the highest common divisor of w and 170.
10
Let i = 41 - -1. Suppose z + z = 8, 5*x + 5*z - 50 = 0. Calculate the highest common factor of x and i.
6
Let q(i) = -2*i - 12. Suppose 17*a - 9*a = -56. Let y be q(a). Suppose 0 = -y*w + 24 + 66. Calculate the greatest common factor of 30 and w.
15
Let i be (5*(0 + -2))/((-6)/33). Let c(b) = -2*b**3 + 144*b**2 + 6*b - 322. Let f be c(72). What is the highest common divisor of i and f?
55
Let k(q) = 3*q**2 + 6*q - 20. Let h = 60 - 64. Let r be k(h). What is the greatest common divisor of r and 148?
4
Let g(u) be the third derivative of u**5/30 + u**4/12 + 2*u**3 + 2*u**2 - 26*u. Let x be g(-7). What is the greatest common factor of x and 3?
3
Let c = 30097 + -29261. Calculate the highest common factor of c and 2318.
38
Suppose 2*t - 2647 = -z, -4*t + 2662 = -2*t - 2*z. What is the highest common factor of t and 546?
78
Let x = -9622 + 9864. What is the greatest common factor of 46 and x?
2
Let s = 77 - 166. Let d(v) = -305*v - 153. Let i be d(-1). Let f = i + s. Calculate the greatest common divisor of f and 9.
9
Suppose 0 = -5*n - 3*h + 1223, -3*n - 2*h = 2*n - 1227. Let w(u) = -1166*u + 60645. Let j be w(52). Calculate the highest common factor of n and j.
13
Let c(h) = h**2 + h. Let l(w) = -10*w**2 - 13*w - 4. Let g(n) = 44*c(n) + 4*l(n). Let j be g(-3). Calculate the highest common divisor of j and 4.
4
Let f be ((-12)/(-20))/(2/30). Suppose -7*v + 5 + f = 0. Let u be (-4 + v - -4)/2. Calculate the highest common factor of u and 11.
1
Let l(t) = -47*t**2 + 1579*t - 76. Let n be l(33). Calculate the highest common factor of n and 9964.
212
Let t be ((-27423)/51)/(-11) + (-4)/(-34). What is the greatest common factor of t and 1?
1
Let w(f) = 29*f**2 - 7*f + 60. Let q be w(4). What is the greatest common factor of 31 and q?
31
Let b = 5363 + -4824. What is the greatest common factor of 56 and b?
7
Let z = 9738 - 9640. What is the highest common factor of z and 26?
2
Suppose r + 192 = -209. Let g = r + 441. Calculate the highest common divisor of 16 and g.
8
Suppose 1 - 17 = 2*d. Suppose 4*l + 4 = 2*j, -3*j = -4*l - 0 - 4. Let r be 1 - (d + 9)/(l/124). What is the highest common factor of 25 and r?
25
Suppose -28*y + 36*y = -72. Let t be -1 - (y + 3) - -4. What is the highest common factor of 39 and t?
3
Suppose -2 = -5*b + 4*b. Suppose -80*s + 94*s - 140 = 0. Suppose s*f + b*f = 360. What is the highest common factor of 15 and f?
15
Let y(k) = -2*k**3 - 30*k**2 - 2*k - 6. Let t be y(-15). Suppose -21*n = -t*n, -171 = -3*w + 4*n. What is the greatest common divisor of 9 and w?
3
Suppose 0 = -58*o + 63*o - 175. Let u be 19/5 - (-7)/o. Suppose u*d - 28 + 4 = 0. Calculate the greatest common divisor of 9 and d.
3
Let r(q) = q**3 + 113*q**2 - 476*q - 152. Let o be r(-117). Let d be 1*(3 + 45 - -1). What is the greatest common divisor of o and d?
49
Suppose 0 = -2*v + 17*n - 15*n + 21798, -5*n = 25. What is the highest common divisor of v and 78?
26
Suppose 1932 = -4*l + 46*l. What is the greatest common factor of 6371 and l?
23
Suppose 4*c = 5*d - 9015, 2*c = -d - 0*d - 4497. Let r be 1/(-2)*1 - c/20. Calculate the highest common divisor of r and 14.
14
Suppose -8*o + 11*o = 0. Suppose -5*h + 26 + 4 = o. Suppose h*k - 130 = -7*k. What is the highest common divisor of k and 2?
2
Let d(b) = 26*b + 19. Let s be d(-5). Let i = -48 - s. Suppose 4*k + i = 75. Calculate the highest common divisor of 3 and k.
3
Let n = 8226 + -8203. What is the greatest common factor of n and 5?
1
Let i(m) = m**3 - 3*m**2 - 7*m + 3. Suppose 17 - 47 = -2*v. Let x be 7/(70/44) - v/(-25). Let l be i(x). Calculate 